 16, what is -206fbc4 + -1?
-206fbc5
In base 7, what is 140 - 151306?
-151136
In base 9, what is -38138 + -22035?
-61174
In base 2, what is 101110101001 - 11111111101?
1110101100
In base 7, what is -106635360 + -4?
-106635364
In base 11, what is -4 + -310037?
-310040
In base 11, what is 7 + -944039?
-944032
In base 2, what is 10110 + -101000111011110000?
-101000111011011010
In base 6, what is -40 + 55343240?
55343200
In base 16, what is -4bf + bd84?
b8c5
In base 4, what is -210 + 1021110333231?
1021110333021
In base 4, what is 211030 - 33000313?
-32123223
In base 15, what is 13ea89 - c8?
13e9b1
In base 5, what is -423204112043 - 1?
-423204112044
In base 6, what is 253 - 244131305?
-244131012
In base 10, what is -368 - 28323?
-28691
In base 12, what is 2 - -b3799a?
b379a0
In base 16, what is 1767 - 1c1?
15a6
In base 5, what is 1133111 - -1022443?
2211104
In base 7, what is 254 - 2463451?
-2463164
In base 8, what is 20 + 354177504?
354177524
In base 14, what is 26799 - 1066?
25733
In base 4, what is 3 + 23012022102?
23012022111
In base 12, what is 1 - -6006a5?
6006a6
In base 7, what is -1230 + 112564?
111334
In base 9, what is 247 + -2284360?
-2284112
In base 8, what is 5333 - -26576?
34131
In base 9, what is -8 + -17373044?
-17373053
In base 12, what is 326ba - -104?
32802
In base 6, what is -424443313101 + -5?
-424443313110
In base 13, what is -7442 - -738?
-6a07
In base 15, what is -1d032 - -48?
-1ced9
In base 12, what is -8856 - -267?
-85ab
In base 7, what is -36225 + -311205?
-350433
In base 11, what is 8 + 16261a3?
1626200
In base 13, what is 5c30426 - 1?
5c30425
In base 3, what is -2201221101012 + -110?
-2201221101122
In base 12, what is 1 - -416104?
416105
In base 10, what is -444 + 2790?
2346
In base 14, what is 14a79d6 - c?
14a79c8
In base 13, what is 16014 + a60?
16a74
In base 8, what is 623302523 - -5?
623302530
In base 16, what is 42 + -3bf10f?
-3bf0cd
In base 13, what is -1a94 - -16a48?
14c84
In base 11, what is 355011 + 79?
35508a
In base 15, what is e6ddc - 23?
e6db9
In base 3, what is -22 + 222211021211001?
222211021210202
In base 4, what is -13022 + 102311201?
102232113
In base 13, what is ab50cc - -7?
ab5106
In base 13, what is 4c + 195c24?
195c73
In base 7, what is 533622215 - 3?
533622212
In base 10, what is 3954450 + 21?
3954471
In base 12, what is 5590455 - -4?
5590459
In base 12, what is -161 + b0397?
b0236
In base 7, what is 11630350 - 4?
11630343
In base 4, what is -1122001110322121 + 10?
-1122001110322111
In base 12, what is -3 - -955470?
955469
In base 9, what is -25676 - 51273?
-77060
In base 3, what is 11 - -201022200022200?
201022200022211
In base 4, what is -11001111 - -1032032?
-3303013
In base 7, what is 21214 + -1102004?
-1050460
In base 15, what is -1 + 21230e2?
21230e1
In base 9, what is 2 - 176087085?
-176087083
In base 13, what is -5a2c8c59 - 5?
-5a2c8c61
In base 3, what is 20011000 + -20210021?
-122021
In base 7, what is -2 - 12401552?
-12401554
In base 3, what is 1002021 - -111221122220?
111222202011
In base 5, what is -22221004 + -440?
-22221444
In base 9, what is 132561 - 21?
132540
In base 3, what is 1002220 - -2202202011?
2210212001
In base 2, what is -10101011111100010111 + -1011?
-10101011111100100010
In base 16, what is 403515 + -ff?
403416
In base 3, what is -211212202 - -221122?
-210221010
In base 8, what is 311 - -1502560?
1503071
In base 15, what is -10b1 - 5cc?
-168d
In base 16, what is f6b54 + -21?
f6b33
In base 6, what is -3535002 - 141?
-3535143
In base 6, what is 2001224042 + -21?
2001224021
In base 16, what is -1f + 5dba86?
5dba67
In base 4, what is -22030 + -310102?
-332132
In base 7, what is -143625 + -3414?
-150342
In base 6, what is -24 + 344201?
344133
In base 3, what is 11 + -1011002012102?
-1011002012021
In base 13, what is -158b97 - -22?
-158b75
In base 15, what is -46d9a - -9b?
-46cee
In base 6, what is -23144544 - 5?
-23144553
In base 13, what is -bc - -4a886?
4a797
In base 3, what is 1020001211212202 - -1100?
1020001211221002
In base 12, what is -73 - -142452?
14239b
In base 4, what is -10001 - 1232332?
-1302333
In base 13, what is -5 - b6b3511?
-b6b3516
In base 9, what is -280412846 - -4?
-280412842
In base 2, what is -100111 + -1100010101010101100100?
-1100010101010110001011
In base 8, what is -62 - 2544200?
-2544262
In base 11, what is 15a - 79434?
-79285
In base 14, what is -3c9291ca - -5?
-3c9291c5
In base 16, what is 4 - -8a93c4?
8a93c8
In base 13, what is -22785c - -4?
-227858
In base 5, what is -11411224 + -21003?
-11432232
In base 9, what is -1285 + -10862?
-12257
In base 7, what is 23461235333 - 2?
23461235331
In base 4, what is 2010121131 + 13110?
2010200301
In base 3, what is -121221110112022 - -11?
-121221110112011
In base 11, what is -3813921 + -4?
-3813925
In base 3, what is 111200100210 - 20022?
111200010111
In base 2, what is -1000111010 - -11001111101?
10001000011
In base 12, what is 1 + a28520?
a28521
In base 11, what is -257 - -86965?
86709
In base 3, what is -202122112110120 + -2?
-202122112110122
In base 7, what is 235601 + -15?
235553
In base 7, what is -1 + 133341264?
133341263
In base 14, what is -12bc2b - -3dd?
-12b82c
In base 4, what is -13 + 1212302320101?
1212302320022
In base 15, what is 431e + be7?
5016
In base 5, what is 22032 + -4000130?
-3423043
In base 11, what is -70 - 2729?
-2799
In base 12, what is 1b + 242626?
242645
In base 9, what is 37775 + 4148?
43034
In base 5, what is 42421 + 10212044?
10310020
In base 8, what is -2 + -407576665?
-407576667
In base 6, what is 213213544144 - 2?
213213544142
In base 2, what is 1011011011111101101100010101 + 1?
1011011011111101101100010110
In base 13, what is -76b2 + 515?
-719a
In base 3, what is -10210122112 - 11002?
-10210210121
In base 7, what is -1 + -214220054?
-214220055
In base 9, what is -3 + -27488327?
-27488331
In base 16, what is 7e65 - -31?
7e96
In base 4, what is 11231101 - -11203333?
23101100
In base 6, what is 15 + 214222411?
214222430
In base 2, what is -1 + 11110010011100100001001001?
11110010011100100001001000
In base 3, what is -10122 - -210121012212111?
210121012201212
In base 8, what is -3532 - -303127?
277375
In base 12, what is -2 + 8545512?
8545510
In base 14, what is 7357 + 431?
7788
In base 5, what is 10034320402 + 100?
10034321002
In base 7, what is -1455002 + -6210?
-1464212
In base 5, what is 13103401 + 2324?
13111230
In base 10, what is -32209543 - -1?
-32209542
In base 8, what is -522 - 2102716?
-2103440
In base 9, what is -3 - -30608218?
30608215
In base 13, what is -109c2c + -81?
-109cb0
In base 10, what is -213468 - -41?
-213427
In base 8, what is 72 - -645705?
645777
In base 11, what is -2809 + -274?
-2a82
In base 4, what is 133 + 101200030?
101200223
In base 10, what is 4 - -164739470?
164739474
In base 2, what is 1001111011000 - 101001111011001?
-100000000000001
In base 16, what is 8c9c + a74?
9710
In base 13, what is 764 + 8b7b?
9612
In base 4, what is 2 + -12123303123203?
-12123303123201
In base 9, what is 4036 - 76603?
-72556
In base 5, what is -2431413 + -130034?
-3112002
In base 9, what is -22 - -2743664?
2743642
In base 11, what is -1 + 92433a?
924339
In base 3, what is -11120002102000 - -20?
-11120002101210
In base 12, what is 15 - 89a05?
-899b0
In base 4, what is 31 - 23010031022?
-23010030331
In base 2, what is -1111001 + 10101100001100011011?
10101100001010100010
In base 12, what is -174 + -3b474?
-3b628
In base 16, what is 184f20f5 + -2?
184f20f3
In base 12, what is -951a6 + 102?
-950a4
In base 15, what is 162eb16 - -5?
162eb1b
In base 11, what is -9886 + 3474?
-6412
In base 15, what is -49ba - 1bc?
-4b87
In base 12, what is 1007b + -306?
b975
In base 7, what is 620325 + -1143?
616152
In base 8, what is -27112333 + 0?
-27112333
In base 6, what is -4 + -121033211?
-121033215
In base 6, what is 354231134 + -53?
354231041
In base 12, what is -12a376 + 16?
-12a360
In base 9, what is 251562438 + 4?
251562443
In base 13, what is 1c63 - -27119?
2907c
In base 12, what is -216 + -780aa?
-78304
In base 2, what is -100000001000110011111 + -1001100001?
-100000001010000000000
In base 16, what is 802c - 2ae?
7d7e
In base 13, what is 6525809 - 3?
6525806
In base 15, what is 6 - -60ee6?
60eec
In base 12, what is -3 - 22418b0?
-22418b3
In base 11, what is -158 + 11271